2*w - 26 = -2*l + 6*l. Let r(a) be the third derivative of a**4/24 + 13*a**3/6 - a**2. What is the units digit of r(l)?
7
Suppose -5*y + 161 = -89. Suppose m + 4*m = y. What is the tens digit of m?
1
Suppose p + 4*t = -185, -179 = p - 0*t - 2*t. Let r = 301 + p. What is the tens digit of r?
2
Let n(w) be the third derivative of 3*w**4/8 + 8*w**3/3 + 5*w**2. Let k be n(14). What is the units digit of k/4 + (-2)/4?
5
Let g = -73 - 15. Let r = 167 + g. What is the tens digit of r?
7
Suppose -3*a - 6 = -21. Let l(i) = -a + 2*i - 3*i + 10. What is the tens digit of l(-8)?
1
Suppose 0 = 58*v + 4935 - 22915. What is the hundreds digit of v?
3
Let o = -27 + 47. Suppose -3*f = -73 - o. What is the tens digit of f?
3
Suppose -3*x = -4*l - 33, -19 = x - 2*x + 4*l. Suppose -x = -2*r + 3. Let i(g) = g**2 - 5*g + 3. What is the units digit of i(r)?
3
Suppose 4*p = b + 5432, -p + 1361 = -5*b + 4*b. What is the units digit of p?
7
Suppose -366*n - 24728 = -374*n. What is the units digit of n?
1
Suppose 4736 = 13*u - 9*u. What is the hundreds digit of u?
1
Suppose -s = b - 1529, -3*b + 7618 = 5*s - 7*b. What is the thousands digit of s?
1
Let t(h) = 98*h**3 - 11*h**2 + 5*h + 4. What is the units digit of t(2)?
4
Let a be 0 - 332/(-7 - -3). Suppose 0 = 4*q - 173 - a. What is the units digit of q?
4
Let a be 307/(-5) - ((-68)/20 + 3). Let r = 103 + a. What is the tens digit of r?
4
Let y = 67 - 38. Suppose -2*s + 15 + y = 0. What is the units digit of s?
2
Let k = 28 + -20. Suppose -2*v + k = 2*v. Suppose 2*l - v*x - 2 = 18, 4 = -2*x. What is the units digit of l?
8
Let h(z) be the third derivative of z**5/60 + 7*z**4/24 + z**3/6 + 9*z**2. What is the units digit of h(-7)?
1
What is the units digit of ((-1)/(-2))/(13/13364)?
4
Suppose 6*t - 2*t = 8. Suppose 0 = -x + 2*g - 8, 3*g = t*x + g + 8. Suppose x*z - 8 = -2*b + 5*z, 4*b - 4*z - 28 = 0. What is the units digit of b?
9
Let i(u) = u**2 - 10*u + 32. Let q be i(-26). Suppose 2*k = -2*k + q. What is the hundreds digit of k?
2
Suppose t - 65 + 50 = 0. Let k = t + -4. What is the units digit of k?
1
Let h(x) = 132*x - 201. What is the hundreds digit of h(26)?
2
Let v = 161 - 159. Suppose v*l - 5*l = -600. What is the tens digit of l?
0
Let v(z) = z**2 + 7*z + 344. What is the tens digit of v(22)?
8
Let s(w) = 43*w - 9. Let p be s(7). Suppose -2*t + 0*h - 10 = -5*h, 3*t + 4*h - 8 = 0. Suppose t = -6*o + 122 + p. What is the tens digit of o?
6
Suppose 3*f + 1124 = 3*m + f, 0 = -3*m - f + 1139. What is the hundreds digit of m?
3
Let h = 1631 + 3429. What is the hundreds digit of h?
0
Suppose 0*b = -5*b + 185. Let j = b - 67. What is the tens digit of (32/5)/((-12)/j)?
1
Let n(v) = 78*v + 223. What is the tens digit of n(31)?
4
Suppose 4*q - u = 837, 3*q - 624 = -0*q - 3*u. What is the hundreds digit of q?
2
Let m = 0 - -7. Suppose -2*a + m*a = 225. What is the tens digit of a?
4
Let q(g) = g**3 + 35*g**2 + 55*g - 79. What is the units digit of q(-33)?
4
Let k be 3/1 + (7 - 7). Suppose -5*u - m + 27 = 0, 0 = -2*u - k*m - 3 + 6. Suppose -7*z = -u*z - 27. What is the units digit of z?
7
Suppose -2*q + 14 = -4*r, q + 12 = 4*q + 3*r. Let g(m) = -m**2 - m**3 + 0*m**2 + 6*m**2 - 5 + 4 + 4*m. What is the tens digit of g(q)?
1
Suppose 2*p + 1518 + 233 = n, 0 = -3*n - 2*p + 5277. What is the thousands digit of n?
1
Suppose -1 + 16 = 5*x. Suppose -7 = -4*j + x*j. Suppose -j*c + 48 = -4*c. What is the units digit of c?
6
Let h(t) = t**2 + 4*t - 5. Let d be h(4). Let k = d - 27. Suppose k = 2*y + 5*n - 64, -2*n - 54 - 50 = -4*y. What is the units digit of y?
7
Suppose 0 = -29*o + 28*o - 362. Let l = -113 - o. What is the tens digit of l?
4
Suppose -3*b + 32 + 7 = 0. Suppose -n + 2*f + f + b = 0, f = -3. Suppose y - 10 = -n*y. What is the units digit of y?
2
Let a = 35 + -40. What is the units digit of a - -1 - (-148)/1?
4
Suppose 2*s = 24*n - 21*n + 6260, 5*s - 15624 = n. What is the thousands digit of s?
3
Let d = -153 - -2048. What is the units digit of d?
5
Let k(r) = r**3 - 15*r**2 + r - 11. Let v be k(15). Suppose -9*n = -v*n - 10. What is the units digit of n?
2
Let v(s) = 4*s**2 + 13*s + 3. Let o be v(-3). Suppose 4*p = -o*p + 404. What is the units digit of p?
1
Suppose -3*q = -0*q - 1449. What is the hundreds digit of q?
4
Let u be 36/(-15) + 18/45. Let i(k) be the second derivative of -2*k**5/5 - k**4/12 + k**3/6 - k**2 + k. What is the tens digit of i(u)?
5
Let o be (-1 - -5) + (1 + 4)/(-1). Let y(h) be the first derivative of -25*h**2 + 2*h + 2. What is the tens digit of y(o)?
5
Let h = 1610 - 951. What is the units digit of h?
9
Suppose -3*v = f - 381, v = 3 + 1. What is the tens digit of f?
6
Let u be 3/(9/4)*3. Suppose 2*n - 18 = -0*n + u*b, -5*b = -2*n + 20. Let z = n - -3. What is the units digit of z?
8
What is the tens digit of (4/(-3))/(36/(-64098))?
7
Suppose -4*g + 72 = -g. Suppose -7*i = -5*i - g. Let f = 48 + i. What is the tens digit of f?
6
Let o = -41 - -45. Suppose -16 = -o*w, s = -4*w + 5*w + 118. What is the hundreds digit of s?
1
Suppose -10 = -2*d - 0. Suppose 5*i - 311 = i + d*g, -143 = -2*i + 5*g. Suppose -q - 23 = -i. What is the units digit of q?
1
Let d = 4671 - 1909. What is the hundreds digit of d?
7
Let g(x) = -17*x + 30. Let d be g(-14). Suppose 2*p - 164 = d. What is the tens digit of p?
1
Suppose 9*m - 70 + 7 = 0. Let w be -3 + 2 + (-12)/(-2). Suppose 0 = -m*h + 3*h - 20, -2*h = -w*g + 15. What is the units digit of g?
1
Suppose -2*w - 2*n = -2342, 7*w - 5*n - 4657 = 3*w. What is the hundreds digit of w?
1
Let p = 1815 - 1287. What is the hundreds digit of p?
5
Suppose 6 = -3*c, -4*c = -4*b + 144 + 604. Suppose -4*j - b = -4*q + 391, 3*q - 2*j - 432 = 0. What is the tens digit of q?
4
Let f(h) = h**3 - 5*h**2 + 4*h + 5. Let j be f(4). Suppose 4*x = -3*m + 93, -j*m + 5*x = x - 123. What is the units digit of m?
7
Let p = -20 + 65. Suppose k - 20 = -5*o + p, -5*o = 2*k - 130. What is the tens digit of k?
6
Let c(d) = d**3 - 14*d**2 + d. Let z be c(14). Suppose t - z = 30. What is the units digit of t?
4
Let y(h) = 5*h - 5. Let a be y(3). Let r(w) = w**2 - 11*w + 11. Let l be r(a). Suppose -l = u - 14. What is the units digit of u?
3
Suppose 0 = -4*x + l + 18, -3*x - 4*l = -2*x - 13. Suppose 0 = -2*f - x*w - 4 - 152, -f - 78 = -4*w. What is the units digit of 3/(-9)*f/2?
3
Let n(r) = 2*r - 2 + 0*r - 3 - 6*r. Let c be n(-4). Suppose -3*k = -4*k + c. What is the units digit of k?
1
Let v(s) = s**3 + 5*s**2 - 6*s + 4. Let n be v(-6). Let r = -19 + 57. Suppose -n*o = -106 - r. What is the tens digit of o?
3
Let r = 0 - 10. What is the tens digit of r/4*(-12 - 16)?
7
Let z(q) = 8*q - 4329. Let f be z(0). What is the tens digit of f/(-26) - (-6)/(-4)?
6
Let a = 4238 - 2318. What is the thousands digit of a?
1
Let y = 5381 - 1099. What is the tens digit of y?
8
Let c = 1151 - 931. What is the tens digit of c?
2
Suppose -34*a = -111697 - 47525. What is the units digit of a?
3
Suppose 4*z = 7*z. Suppose j + z*j = 3. Suppose 5*r + v = 3*v + 7, r = -j*v - 2. What is the units digit of r?
1
Suppose 63*n - 236840 + 30641 = 0. What is the units digit of n?
3
Suppose 5*z = t + 14, -50 - 9 = -4*t - 3*z. Let y = -49 - -92. Let b = t + y. What is the units digit of b?
4
Let r(k) = -10*k**3 + 2*k**2 + 17*k + 5. What is the hundreds digit of r(-4)?
6
Let g(n) = -3*n - 11. Let v be g(-7). Suppose -v*x + 4*x + 456 = 0. What is the tens digit of x?
7
Let s = 4 - 12. Let t be s/(-6)*3/2. Suppose 2*g - 4 = h, 3*g + 2*h + 3 = t. What is the units digit of g?
1
Suppose -5*g + 2*k - 691 = 0, 2*k = 4*g - 3*k + 546. Let t = g - -249. What is the tens digit of t?
1
Let r(p) = 61*p + 47. What is the tens digit of r(46)?
5
Suppose -9*r + 5*r = -260. What is the units digit of r?
5
Suppose -14*i + 10 = -12*i. Suppose i*x = 4*n - 5, -2*n + 35 = 2*n + 5*x. Suppose -a + 5 = 4*a, -4*a + 149 = n*w. What is the units digit of w?
9
Let p = -231 + 546. Suppose -p = -y - 4*y. What is the tens digit of y?
6
Let g(k) = -k**3 + 10*k**2 + 13*k - 16. Let p = 9 - -2. Let d be g(p). Suppose -3*h + d*h - 15 = 0. What is the units digit of h?
5
Let p = 19 + -17. Let q = -2 + p. Suppose 6*j - 31 - 119 = q. What is the units digit of j?
5
Suppose 0 = q + 63 - 285. What is the hundreds digit of q?
2
Suppose 2*v + 5*u + 85 = 0, 2*v - 4*u +